base 13, what is 1 + -1c91?
-1c90
In base 3, what is -12 + 11022201221?
11022201202
In base 13, what is -3ba - -54?
-366
In base 4, what is -11 + -30330?
-31001
In base 10, what is 47612 + -2?
47610
In base 8, what is -122 - -134513?
134371
In base 5, what is 11 - 40431210?
-40431144
In base 13, what is 241a + -c?
240b
In base 6, what is 53 + -144?
-51
In base 10, what is 7 - 192174?
-192167
In base 4, what is 2330021322 - -1?
2330021323
In base 4, what is -321 - 3011013?
-3012000
In base 12, what is 44a32 - 5?
44a29
In base 13, what is -63052 - 1?
-63053
In base 12, what is -1513b5 - 4?
-1513b9
In base 13, what is -296b14 + 4?
-296b10
In base 4, what is -203132033 - -3?
-203132030
In base 4, what is 32200202 + -22?
32200120
In base 9, what is 5 + 333822?
333827
In base 6, what is -3534332 + 3?
-3534325
In base 2, what is -1101011100 - 11101101?
-10001001001
In base 15, what is 17 + -854?
-83c
In base 10, what is -348 - -6?
-342
In base 8, what is 1104145 + 3?
1104150
In base 14, what is -22659c - -4?
-226598
In base 5, what is -10 - -13424433?
13424423
In base 8, what is 4 - -1466775?
1467001
In base 16, what is -123fb + 0?
-123fb
In base 15, what is 1869d3 + -5?
1869cd
In base 3, what is 101121102000 - 0?
101121102000
In base 16, what is 1af0c + 3?
1af0f
In base 15, what is -1 - 1138c?
-1138d
In base 9, what is -250884 + 3?
-250881
In base 2, what is -1010001010000 + 101?
-1010001001011
In base 7, what is 11046 - 11?
11035
In base 13, what is -71 - -89?
18
In base 8, what is 17247 + -163?
17064
In base 8, what is -3207 + 4214?
1005
In base 11, what is 12769 - -9?
12777
In base 5, what is -32 - 130132?
-130214
In base 11, what is -391 + -901?
-1192
In base 4, what is -12313 + 1100?
-11213
In base 15, what is -2a05 + 43?
-29b2
In base 14, what is 1 - -61c1a?
61c1b
In base 9, what is 206 + -251?
-44
In base 9, what is -31 + -6274?
-6315
In base 7, what is -23102 + -2260?
-25362
In base 14, what is -3 - -23055?
23052
In base 7, what is 5 - -53266?
53304
In base 12, what is 2 + -16410?
-1640a
In base 11, what is 4 - 370027?
-370023
In base 15, what is -d57d + -19?
-d597
In base 16, what is -4e + -93?
-e1
In base 15, what is -c + 255e?
2552
In base 2, what is 100101100000111 + -10001?
100101011110110
In base 6, what is -3 + -4341122?
-4341125
In base 11, what is -37 + 21323?
21297
In base 8, what is 0 + -5113502?
-5113502
In base 6, what is 1 + 120452?
120453
In base 15, what is 8483a - -1?
8483b
In base 16, what is -eef - f?
-efe
In base 14, what is -32d5 + 102?
-31d3
In base 8, what is -1214123 - -4?
-1214117
In base 16, what is 156b - -47?
15b2
In base 2, what is 100001101010111 + 100101?
100001101111100
In base 4, what is 0 - 320330?
-320330
In base 16, what is 25aae - -2?
25ab0
In base 16, what is bc1db - 3?
bc1d8
In base 2, what is 10000101 - 11000010?
-111101
In base 2, what is 111100 + 11011001100?
11100001000
In base 16, what is -4aa + -4?
-4ae
In base 5, what is 430 - 2224?
-1244
In base 9, what is -8274 - 36?
-8321
In base 5, what is -2210114 - -24?
-2210040
In base 6, what is -124145 + -51?
-124240
In base 5, what is -20402 - -10021?
-10331
In base 5, what is -13301213 - 3?
-13301221
In base 12, what is 22b66 + 6?
22b70
In base 9, what is 3005 - -45?
3051
In base 5, what is 1 - 101131?
-101130
In base 12, what is 587 - -127?
6b2
In base 6, what is -3 + 230450?
230443
In base 9, what is -4 - 2703064?
-2703068
In base 10, what is 743616 + 8?
743624
In base 7, what is 36 + 622?
661
In base 16, what is -a + 91a?
910
In base 10, what is 61866 - -5?
61871
In base 16, what is 49e4 - 13?
49d1
In base 12, what is 3 + -607?
-604
In base 2, what is -110011 - 11001010?
-11111101
In base 7, what is -11341 + -35?
-11406
In base 13, what is 200c + 4?
2013
In base 5, what is -4 - 1301240?
-1301244
In base 16, what is 989 + 25a?
be3
In base 14, what is -b7 + -6108?
-61c1
In base 6, what is 131533 - 12?
131521
In base 11, what is 83 + -10853?
-10780
In base 16, what is -e3d + -c5?
-f02
In base 9, what is -4063 - -3?
-4060
In base 10, what is -4008 + 2?
-4006
In base 7, what is -3455 + -26?
-3514
In base 2, what is -1100 - 1110000010011011?
-1110000010100111
In base 12, what is -b + 527b?
5270
In base 16, what is 158c6 + -1?
158c5
In base 8, what is -134 + -3005?
-3141
In base 10, what is 0 - -10048?
10048
In base 3, what is -22001 + -1?
-22002
In base 5, what is 21002 + -301?
20201
In base 3, what is -2111 + -21121122?
-21201010
In base 12, what is -2 - 27194?
-27196
In base 10, what is 37 - 4085?
-4048
In base 16, what is -6 + -78bb9?
-78bbf
In base 9, what is -288 - -434?
135
In base 2, what is 10000 + 10001011001000?
10001011011000
In base 10, what is 15 + 197251?
197266
In base 13, what is 754 + -4?
750
In base 16, what is 5 + 1f46?
1f4b
In base 16, what is -41 + -2867?
-28a8
In base 11, what is 502 - 302?
200
In base 15, what is 8dba65 - 5?
8dba60
In base 7, what is -2 + 113112?
113110
In base 8, what is 252 - 156?
74
In base 13, what is -27 - 4911?
-4938
In base 2, what is 110011100011 - -1101110?
110101010001
In base 16, what is -139 + 2a?
-10f
In base 16, what is -8b4 - -8?
-8ac
In base 2, what is 101011 - 10010110?
-1101011
In base 14, what is -442b - 7?
-4434
In base 8, what is 6 - 132240?
-132232
In base 11, what is -1739 + -4?
-1742
In base 16, what is 3 - -48f0?
48f3
In base 14, what is 8792 + -5?
878b
In base 12, what is 15b99 + 6?
15ba3
In base 3, what is 100 - 1012020102?
-1012020002
In base 16, what is 0 + -83443?
-83443
In base 6, what is -52 - -411500?
411404
In base 9, what is 105145 + 1?
105146
In base 11, what is 3 - -124363?
124366
In base 15, what is 28 - -22a?
253
In base 9, what is 16 - 14020?
-14003
In base 8, what is -3327 - -16?
-3311
In base 10, what is 427 - 5?
422
In base 11, what is -65 + -11?
-76
In base 16, what is -60 + -1ea7?
-1f07
In base 11, what is -492 - -47?
-446
In base 7, what is -2333 - -15426?
13063
In base 11, what is 904 + 52?
956
In base 13, what is -4 + -41752?
-41756
In base 7, what is 1235 - 113?
1122
In base 6, what is 11245 + -43?
11202
In base 12, what is 3b037b - 5?
3b0376
In base 7, what is 2425 + 122?
2550
In base 14, what is -8701 + -4?
-8705
In base 6, what is 10440 + 204?
11044
In base 4, what is -3 + 310010000?
310003331
In base 14, what is 2 - -107182?
107184
In base 6, what is 302 - -1223?
1525
In base 11, what is -181558 + -2?
-18155a
In base 15, what is 52d78 - 2?
52d76
In base 12, what is 0 - -94370?
94370
In base 13, what is 103989 - -1?
10398a
In base 11, what is 3854 + 17?
3870
In base 6, what is 12 - -1201120?
1201132
In base 7, what is -1302442 + -2?
-1302444
In base 4, what is -1001220 - 3322?
-1011202
In base 9, what is 315236 - -5?
315242
In base 15, what is -1 + -15480?
-15481
In base 7, what is -51 - -22435?
22354
In base 11, what is 565a + 4?
5663
In base 12, what is -11 - -54395?
54384
In base 15, what is 2433 - 24?
240e
In base 13, what is -2bb + -64?
-352
In base 16, what is -4b44 - 5?
-4b49
In base 8, what is 4 - 2427316?
-2427312
In base 14, what is 96cb0 + 0?
96cb0
In base 16, what is 9 - -40b4?
40bd
In base 15, what is 10c - 27?
d5
In base 3, what is 2 + 21122120010?
21122120012
In base 12, what is -55 - -a379?
a324
In base 11, what is -5 + 64a07?
64a02
In base 2, what is -1011100111 + 11111001100?
10011100101
In base 14, what is 79d59 + 19?
79d74
In base 2, what is 1010111110011010 - 1?
1010111110011001
In base 2, what is 101001001 + -110101110?
-1100101
In base 3, what is -1 - 1101201000010?
-1101201000011
In base 13, what is -47399 + -2?
-4739b
In base 13, what is 172 - 86?
b9
In base 7, what is 25 - -162?
220
In base 13, what is 1891 - 139?
1755
In base 15, what is 16d0b - -1e?
16d2a
In base 9, what is 127 - -427?
555
In base 9, what is 16 + -114860?
-114843
In base 10, what is -6476 + 949?
-5527
In base 8, what is 14366 + 22?
14410
In base 4, what is -321203022 - 2?
-321203030
In base 11, what is 2a + 23496?
23515
In base 8, what is 265353 + -10?
265343
In base 16, what is -1f6f - -f?
-1f60
In base 8, what is -5 + -77642?
-77647
In base 12, what is -92 + -2108?
-219a
In base 16, what is -c - 1267?
-1273
In base 4, what is 130 + 1230?
2020
In base 11, what is -13811 - -1?
-13810
In base 9, what is -81863 + 4?
-81858
In base 2, what is 0 - 10001100110011?
-10001